{"id":26244,"date":"2025-03-07T07:14:02","date_gmt":"2025-03-07T07:14:02","guid":{"rendered":"https:\/\/przedszkole-alwernia.pl\/?page_id=26244"},"modified":"2025-03-10T10:39:55","modified_gmt":"2025-03-10T10:39:55","slug":"dla-pracownikow","status":"publish","type":"page","link":"https:\/\/przedszkole-alwernia.pl\/?page_id=26244","title":{"rendered":"Dla pracownik\u00f3w"},"content":{"rendered":"<p><a href=\"https:\/\/przedszkole-alwernia.pl\/wp-content\/uploads\/2025\/03\/REGULAMIN-ZFSS-2025-R-1.pdf\">REGULAMIN ZF\u015aS 2025 R.<\/a><\/p>\n<p><a href=\"https:\/\/przedszkole-alwernia.pl\/wp-content\/uploads\/2025\/03\/Zalaczniki-do-ZFSS.pdf\">Za\u0142aczniki do ZF\u015aS<\/a><\/p>\n","protected":false},"excerpt":{"rendered":"<p>REGULAMIN ZF\u015aS 2025 R. Za\u0142aczniki do ZF\u015aS<\/p>\n","protected":false},"author":2,"featured_media":0,"parent":0,"menu_order":0,"comment_status":"closed","ping_status":"closed","template":"","meta":{"footnotes":""},"class_list":["post-26244","page","type-page","status-publish","hentry"],"_links":{"self":[{"href":"https:\/\/przedszkole-alwernia.pl\/index.php?rest_route=\/wp\/v2\/pages\/26244","targetHints":{"allow":["GET"]}}],"collection":[{"href":"https:\/\/przedszkole-alwernia.pl\/index.php?rest_route=\/wp\/v2\/pages"}],"about":[{"href":"https:\/\/przedszkole-alwernia.pl\/index.php?rest_route=\/wp\/v2\/types\/page"}],"author":[{"embeddable":true,"href":"https:\/\/przedszkole-alwernia.pl\/index.php?rest_route=\/wp\/v2\/users\/2"}],"replies":[{"embeddable":true,"href":"https:\/\/przedszkole-alwernia.pl\/index.php?rest_route=%2Fwp%2Fv2%2Fcomments&post=26244"}],"version-history":[{"count":4,"href":"https:\/\/przedszkole-alwernia.pl\/index.php?rest_route=\/wp\/v2\/pages\/26244\/revisions"}],"predecessor-version":[{"id":26255,"href":"https:\/\/przedszkole-alwernia.pl\/index.php?rest_route=\/wp\/v2\/pages\/26244\/revisions\/26255"}],"wp:attachment":[{"href":"https:\/\/przedszkole-alwernia.pl\/index.php?rest_route=%2Fwp%2Fv2%2Fmedia&parent=26244"}],"curies":[{"name":"wp","href":"https:\/\/api.w.org\/{rel}","templated":true}]}}