{"id":32,"date":"2014-04-11T09:15:46","date_gmt":"2014-04-11T09:15:46","guid":{"rendered":"http:\/\/novarum.home.pl\/autoinstalator\/wordpress11\/?page_id=32"},"modified":"2025-09-20T06:48:33","modified_gmt":"2025-09-20T06:48:33","slug":"start","status":"publish","type":"page","link":"https:\/\/przedszkole-alwernia.pl\/?page_id=32","title":{"rendered":"Strefa Rodzica"},"content":{"rendered":"<h2>Rada Rodzic\u00f3w<\/h2>\n<div>\n<table border=\"0\" width=\"680\">\n<tbody>\n<tr>\n<td><strong>SIEDZIBA:<br \/>\nALWERNIA, UL.M. SK\u0141ODOWSKIEJ-CURIE 2<\/strong><\/td>\n<td><strong>SIEDZIBA:<br \/>\nGROJEC, UL.BARTOSZA G\u0141OWACKIEGO 13<\/strong><\/td>\n<\/tr>\n<tr>\n<td>\n<ul>\n<li>Przewodnicz\u0105ca:<\/li>\n<li>Zast\u0119pca przewodnicz\u0105cej:<\/li>\n<li><\/li>\n<li>Skarbnik:<\/li>\n<li>Sekretarz:<\/li>\n<\/ul>\n<\/td>\n<td>\n<ul>\n<li>Przewodnicz\u0105ca:<\/li>\n<li>Skarbnik:<\/li>\n<li>Sekretarz:<\/li>\n<\/ul>\n<\/td>\n<\/tr>\n<\/tbody>\n<\/table>\n<\/div>\n","protected":false},"excerpt":{"rendered":"<p>Rada Rodzic\u00f3w SIEDZIBA: ALWERNIA, UL.M. SK\u0141ODOWSKIEJ-CURIE 2 SIEDZIBA: GROJEC, UL.BARTOSZA G\u0141OWACKIEGO 13 Przewodnicz\u0105ca: Zast\u0119pca przewodnicz\u0105cej: Skarbnik: Sekretarz: Przewodnicz\u0105ca: Skarbnik: Sekretarz:<\/p>\n","protected":false},"author":1,"featured_media":115,"parent":0,"menu_order":0,"comment_status":"open","ping_status":"open","template":"page-templates\/page-left-column.php","meta":{"footnotes":""},"class_list":["post-32","page","type-page","status-publish","has-post-thumbnail","hentry","has-featured-image"],"_links":{"self":[{"href":"https:\/\/przedszkole-alwernia.pl\/index.php?rest_route=\/wp\/v2\/pages\/32","targetHints":{"allow":["GET"]}}],"collection":[{"href":"https:\/\/przedszkole-alwernia.pl\/index.php?rest_route=\/wp\/v2\/pages"}],"about":[{"href":"https:\/\/przedszkole-alwernia.pl\/index.php?rest_route=\/wp\/v2\/types\/page"}],"author":[{"embeddable":true,"href":"https:\/\/przedszkole-alwernia.pl\/index.php?rest_route=\/wp\/v2\/users\/1"}],"replies":[{"embeddable":true,"href":"https:\/\/przedszkole-alwernia.pl\/index.php?rest_route=%2Fwp%2Fv2%2Fcomments&post=32"}],"version-history":[{"count":1,"href":"https:\/\/przedszkole-alwernia.pl\/index.php?rest_route=\/wp\/v2\/pages\/32\/revisions"}],"predecessor-version":[{"id":18687,"href":"https:\/\/przedszkole-alwernia.pl\/index.php?rest_route=\/wp\/v2\/pages\/32\/revisions\/18687"}],"wp:featuredmedia":[{"embeddable":true,"href":"https:\/\/przedszkole-alwernia.pl\/index.php?rest_route=\/wp\/v2\/media\/115"}],"wp:attachment":[{"href":"https:\/\/przedszkole-alwernia.pl\/index.php?rest_route=%2Fwp%2Fv2%2Fmedia&parent=32"}],"curies":[{"name":"wp","href":"https:\/\/api.w.org\/{rel}","templated":true}]}}

<h2>Rada Rodziców</h2>
<div>
<table border="0" width="680">
<tbody>
<tr>
<td><strong>SIEDZIBA:<br />
ALWERNIA, UL.M. SKŁODOWSKIEJ-CURIE 2</strong></td>
<td><strong>SIEDZIBA:<br />
GROJEC, UL.BARTOSZA GŁOWACKIEGO 13</strong></td>
</tr>
<tr>
<td>
<ul>
<li>Przewodnicząca:</li>
<li>Zastępca przewodniczącej:</li>
<li></li>
<li>Skarbnik:</li>
<li>Sekretarz:</li>
</ul>
</td>
<td>
<ul>
<li>Przewodnicząca:</li>
<li>Skarbnik:</li>
<li>Sekretarz:</li>
</ul>
</td>
</tr>
</tbody>
</table>
</div>

<p>Rada Rodziców SIEDZIBA: ALWERNIA, UL.M. SKŁODOWSKIEJ-CURIE 2 SIEDZIBA: GROJEC, UL.BARTOSZA GŁOWACKIEGO 13 Przewodnicząca: Zastępca przewodniczącej: Skarbnik: Sekretarz: Przewodnicząca: Skarbnik: Sekretarz:</p>
